
Let m be (-1)/(1/(-127 - -6)). What is the greatest common divisor of m and 22?
11
Suppose -148 = -s - 2*o, s - 2*s + 4*o + 172 = 0. Calculate the greatest common factor of 12 and s.
12
Let r(g) = 4 + 8*g - g - 8*g - g**2. Let w(i) = i - 4. Let b be w(4). Let p be r(b). What is the highest common factor of p and 4?
4
Let k be (-4 + (-4204)/(-16))*(-104)/(-39). What is the highest common divisor of k and 30?
30
Let h(x) = x - 9. Let l be h(9). Let c(v) = v**2 - 2*v + 9. Let r be c(l). Calculate the highest common divisor of 6 and r.
3
Suppose 5*m - 2*s + 7*s = 3475, 0 = -3*m - 5*s + 2095. What is the highest common divisor of m and 30?
30
Let s be (7 - -1)/(-16 + 18). Suppose -s*a = a - 180. Calculate the highest common factor of 24 and a.
12
Suppose -x + 2254 = 22*x. What is the highest common factor of 28 and x?
14
Let f(w) = w**2 - 9*w + 68. Let r be f(14). Calculate the highest common factor of 230 and r.
46
Suppose -171*p + 16 = -170*p. Calculate the highest common factor of p and 4.
4
Let w be (-70)/(-15)*1*3. Let i be ((-7)/w)/((-2)/52). Let j(f) = 2*f**3 - f**2 + 3*f - 5. Let v be j(2). What is the greatest common factor of v and i?
13
Let r be (-2)/(1 + (-862)/866). Let a = r - -609. Let j be (19 - 17)/((-1)/(-8)) - -6. Calculate the highest common divisor of j and a.
22
Let l = 156 - 146. Let u be l/(-4) - 301/(-86). Suppose 2*x = 4*s + 17 + 1, 10 = -2*x - 3*s. What is the greatest common divisor of x and u?
1
Let j(g) = 2*g**2 - 35*g + 187. Let y be j(22). Let v be 0 - (0 + -1) - -34. What is the greatest common divisor of v and y?
35
Let i(h) = 4*h**2 - 20*h - 19. Let c be i(6). What is the highest common divisor of 305 and c?
5
Let m(q) = -q**3 + 3*q**2 + 5*q. Let s = -2 + 6. Let i be m(s). What is the greatest common divisor of 16 and i?
4
Suppose -4*t - 869 = -3*d - 233, 2*d - 424 = -4*t. Suppose 0 = -3*k + a + d, 2*k + a - 163 = -25. Calculate the greatest common divisor of k and 10.
10
Let y = -14 + 104. Let a be (-2)/(-7) + 1250/35. Calculate the greatest common factor of a and y.
18
Let t = 218 + -62. Calculate the highest common divisor of 24 and t.
12
Suppose -3*u + 24 = 3*u. Suppose 0 = -5*s - 3*t + 975, 5*s - u*t = t + 935. What is the highest common factor of 24 and s?
24
Suppose 0 = 29*b - 28*b - 2. Suppose 10 = -u + b*u. Let s be -15*(-1)/1 - 0. What is the greatest common factor of s and u?
5
Suppose 2*q = 51 - 19. Suppose -2*c + 4*r = 12, 3*c = -5*r + 2*r + 27. What is the greatest common factor of c and q?
4
Let s be (112/21)/(2/126). What is the highest common divisor of 63 and s?
21
Let j be 6/(-18)*-75*6. What is the highest common factor of 6 and j?
6
Let s be (-2)/9 + 4747/909. What is the highest common divisor of 565 and s?
5
Let o be (3 - (3 + 219)) + (-2 - 1). Let t be (o/12)/((-2)/4). Calculate the highest common factor of t and 222.
37
Suppose -u + 16 = 2*u + 4*o, -8 = 4*o. Let x = 26 - u. Suppose -23 - x = -3*d + 5*j, -34 = -3*d - 2*j. What is the highest common divisor of d and 8?
4
Let n(u) be the first derivative of -u**3/3 - 17*u**2/2 + 12*u + 17. Let v be n(-14). What is the highest common factor of v and 6?
6
Suppose -37*j + 867 = -1538. Calculate the greatest common divisor of j and 115.
5
Let i = 108 - 84. Calculate the greatest common factor of 600 and i.
24
Suppose 2*t - 489 + 531 = n, -183 = -5*n + t. What is the greatest common factor of n and 44?
4
Let q(j) = j + 10. Let x be q(-4). Let b be (0 + 8/x)*18/4. Let y = 101 + -59. What is the highest common factor of b and y?
6
Let x be (2/(-4))/((-18)/36). Let o(f) = 12*f**2 + 2*f. Let c be o(x). Calculate the highest common factor of c and 154.
14
Let s be (21/(-14))/((-46)/20 - -2). Suppose 2*f = s*k - 80, 2*k = -5*f + 2*f + 51. What is the greatest common divisor of k and 18?
18
Let b be (-2 + (-20)/(-12))*3. Let k be b*3*24/(-18). Suppose -n + 760 = k*n. Calculate the highest common divisor of 19 and n.
19
Suppose 6*i - 117 = 201. Let j = 93 - i. Calculate the greatest common divisor of 8 and j.
8
Let f = -7 + 63. Calculate the highest common factor of 602 and f.
14
Let r(v) = -v + 1 + 2*v + v - 5. Let z be r(4). Suppose 0 = -l - 3*u + 16, z*l - 4*u = -u + 34. What is the highest common factor of l and 20?
10
Let x be 19*((-57)/(-5) + (-4)/10). What is the greatest common divisor of 38 and x?
19
Suppose 4 = -5*k - 3*m, m + 1 + 5 = 3*k. Let y be -5 + 1 + k*26. What is the greatest common divisor of 55 and y?
11
Let d be (1 - (-4)/8)*4. Let v(s) = -s**2 + 4*s + 19. Let i be v(d). Calculate the highest common factor of 7 and i.
7
Let a be 4/(-1 - 100/(-92)). Calculate the greatest common divisor of a and 2.
2
Suppose 0 = 5*f - m - 424, -f + m = -6*f + 416. Calculate the highest common factor of 28 and f.
28
Suppose -4*n + 347 = z, -2*n + 0*n + 3*z = -191. What is the greatest common factor of n and 32?
8
Let x(n) = -n**3 - 4*n**2 - n - 2. Let u be x(-3). Let q(p) = -p**3 - 7*p**2 + 6*p - 4. Let m be q(u). Calculate the highest common divisor of m and 96.
12
Let b = 5 + 31. Let q = 66 - b. Calculate the highest common factor of q and 75.
15
Let j = 87 + -61. Let y be 39/j*40/(-6). Let b = y - -24. What is the highest common factor of 112 and b?
14
Let w be 2/(16/(-78))*-4. Suppose -3*b + 9 = -2*b. Suppose b*g - 5*g = 52. Calculate the greatest common divisor of g and w.
13
Let p = 31 + -27. Suppose w - 300 = -p*w. Suppose 0*z + 2*z = 3*c - 53, -4*c + 2*z = -68. Calculate the highest common factor of w and c.
15
Suppose 0 = -2*v + v - 56. Let w be (21/12)/((-7)/v). Let x = 22 + -8. Calculate the highest common factor of x and w.
14
Let f(x) = -10*x - 13. Let z = 26 - 29. Let o be (8/6)/(1/z). Let r be f(o). Calculate the highest common factor of r and 18.
9
Let b(m) = 28*m**2 - 3*m + 6. Let o be (45/(-55) + (-2)/11)*-2. Let s be b(o). What is the greatest common divisor of 16 and s?
16
Let i(u) = 7*u + 2. Let t be i(10). Let v = -50 + t. What is the highest common factor of v and 2?
2
Suppose 19*s = 18*s - 225. Let l be s/(-30)*4/1. What is the highest common factor of l and 45?
15
Let k(d) = -610*d**2 - 3*d + 3. Let a be k(3). Let f be a/(-10) - 2/(-5). Suppose -5*u = -f + 110. Calculate the greatest common factor of 8 and u.
8
Suppose 10*p + 6 = 26. Suppose 0 = h - 4*h + 5*r + 22, -h = r - 10. Suppose -q - h = -p*q. What is the greatest common divisor of 72 and q?
9
Suppose -298*m = -304*m + 10788. What is the greatest common factor of 58 and m?
58
Suppose -2*l - 13*m = -9*m - 90, -2*l + 87 = 3*m. What is the greatest common divisor of l and 4?
1
Suppose 5*r - 3*p = 3*r + 16, 0 = 5*r - 3*p - 31. Let n = r - 0. Suppose g + 2*f - 10 = 0, 30 = 3*g - 0*g + 4*f. What is the greatest common divisor of g and n?
5
Suppose -4*g + 22 = -10. Suppose -s = -4, -m + 26 + 141 = -2*s. Suppose -5*k = 4*i - 180, 4*i - k = -19 + m. Calculate the highest common factor of i and g.
8
Let u(m) = 9*m - 29. Let l be u(5). What is the greatest common factor of l and 12?
4
Suppose 4*m - 4*d - 68 = 92, 2*m = 4*d + 84. What is the highest common divisor of 893 and m?
19
Let u be (-72)/(-20) + 9/(-15). Suppose 5*y + 3*h - 55 = h, 0 = -u*y - 5*h + 52. Calculate the highest common factor of y and 207.
9
Suppose -6*n - 41 = -167. Let i be 2 - 2*(3/(-2) + 1). Calculate the greatest common divisor of i and n.
3
Let n be 55451/154 + 1*1/(-14). What is the greatest common divisor of n and 3?
3
Let q be (-27)/(-12) + 6/8. Suppose -19 = -4*l - q. Suppose 2*r - l = g + 11, -g - 5 = 0. What is the highest common factor of r and 25?
5
Let w be 1 + (-11)/9 - 1822/(-18). Let o = -79 + w. What is the greatest common factor of 66 and o?
22
Let o(w) = 63*w + 520. Let b be o(0). What is the greatest common factor of b and 195?
65
Suppose h - 2*s - 14 = 0, 3*h + 3*s - 67 = 4*s. What is the greatest common factor of h and 56?
8
Let g be 52/(-4) + (-5)/5. Let o = 13 + g. Let j be (o/(-2))/((-3)/(-96)). Calculate the greatest common divisor of 48 and j.
16
Let n = 52 + -89. Let g = -17 - n. What is the highest common factor of g and 220?
20
Suppose -3*l + 1832 - 436 = -2*j, 1376 = 3*l + 2*j. Calculate the greatest common factor of l and 126.
42
Let q(p) = -9*p - 86. Let z be q(-12). Let k(f) = f + 20. Let l be k(-9). Calculate the greatest common divisor of l and z.
11
Let g(y) = 95*y**2 -